{"id":92,"date":"2025-10-14T14:53:41","date_gmt":"2025-10-14T14:53:41","guid":{"rendered":"https:\/\/moveargentina.com\/?page_id=92"},"modified":"2025-10-21T17:12:11","modified_gmt":"2025-10-21T17:12:11","slug":"nosotros","status":"publish","type":"page","link":"https:\/\/moveargentina.com\/?page_id=92","title":{"rendered":""},"content":{"rendered":"\n<h1 class=\"wp-block-heading has-text-align-center\">NOSOTROS<\/h1>\n\n\n\n<p>En MOVE somos una empresa familiar con m\u00e1s de 30 a\u00f1os de trayectoria en la provisi\u00f3n de productos de alta gama para la construcci\u00f3n.<br>A lo largo de nuestra historia, hemos consolidado una posici\u00f3n de referencia en el mercado gracias a nuestro compromiso con la calidad, la innovaci\u00f3n y la atenci\u00f3n personalizada.<\/p>\n\n\n\n<p>Contamos con un equipo de profesionales especializados, dedicados a brindar un servicio integral de asesoramiento pre y post venta, garantizando soluciones a medida y una experiencia de excelencia para cada cliente.<\/p>\n","protected":false},"excerpt":{"rendered":"<p>NOSOTROS En MOVE somos una empresa familiar con m\u00e1s de 30 a\u00f1os de trayectoria en la provisi\u00f3n de productos de alta gama para la construcci\u00f3n.A lo largo de nuestra historia, hemos consolidado una posici\u00f3n de referencia en el mercado gracias a nuestro compromiso con la calidad, la innovaci\u00f3n y la atenci\u00f3n personalizada. Contamos con un [&hellip;]<\/p>\n","protected":false},"author":1,"featured_media":0,"parent":0,"menu_order":0,"comment_status":"closed","ping_status":"closed","template":"","meta":{"_uag_custom_page_level_css":"","_themeisle_gutenberg_block_has_review":false,"footnotes":""},"class_list":["post-92","page","type-page","status-publish","hentry"],"uagb_featured_image_src":{"full":false,"thumbnail":false,"medium":false,"medium_large":false,"large":false,"1536x1536":false,"2048x2048":false},"uagb_author_info":{"display_name":"admin","author_link":"https:\/\/moveargentina.com\/?author=1"},"uagb_comment_info":0,"uagb_excerpt":"NOSOTROS En MOVE somos una empresa familiar con m\u00e1s de 30 a\u00f1os de trayectoria en la provisi\u00f3n de productos de alta gama para la construcci\u00f3n.A lo largo de nuestra historia, hemos consolidado una posici\u00f3n de referencia en el mercado gracias a nuestro compromiso con la calidad, la innovaci\u00f3n y la atenci\u00f3n personalizada. Contamos con un&hellip;","_links":{"self":[{"href":"https:\/\/moveargentina.com\/index.php?rest_route=\/wp\/v2\/pages\/92","targetHints":{"allow":["GET"]}}],"collection":[{"href":"https:\/\/moveargentina.com\/index.php?rest_route=\/wp\/v2\/pages"}],"about":[{"href":"https:\/\/moveargentina.com\/index.php?rest_route=\/wp\/v2\/types\/page"}],"author":[{"embeddable":true,"href":"https:\/\/moveargentina.com\/index.php?rest_route=\/wp\/v2\/users\/1"}],"replies":[{"embeddable":true,"href":"https:\/\/moveargentina.com\/index.php?rest_route=%2Fwp%2Fv2%2Fcomments&post=92"}],"version-history":[{"count":4,"href":"https:\/\/moveargentina.com\/index.php?rest_route=\/wp\/v2\/pages\/92\/revisions"}],"predecessor-version":[{"id":253,"href":"https:\/\/moveargentina.com\/index.php?rest_route=\/wp\/v2\/pages\/92\/revisions\/253"}],"wp:attachment":[{"href":"https:\/\/moveargentina.com\/index.php?rest_route=%2Fwp%2Fv2%2Fmedia&parent=92"}],"curies":[{"name":"wp","href":"https:\/\/api.w.org\/{rel}","templated":true}]}}